{"id":939,"date":"2013-10-16T13:42:49","date_gmt":"2013-10-16T13:42:49","guid":{"rendered":"http:\/\/projetoopus.com.br\/aguas3\/?page_id=939"},"modified":"2014-06-28T10:37:28","modified_gmt":"2014-06-28T13:37:28","slug":"produtos","status":"publish","type":"page","link":"https:\/\/lucianakanbach.com.br\/?page_id=939","title":{"rendered":"Curriculum Vitae"},"content":{"rendered":"<p><span style=\"text-decoration: underline; color: #008080;\"><b>Exposi\u00e7\u00f5es<\/b><\/span><\/p>\n<ul>\n<li><b><i>Galeria do SESI<\/i><\/b><i>-Niter\u00f3i (RJ) \u2013\u00a0 Abril \u20131997<\/i><\/li>\n<li><b><i>Clube Central<\/i><\/b><i>\u00a0<\/i><i>-Niter\u00f3i (RJ) \u2013\u00a0 Julho \u20131997 (coletiva)<\/i><\/li>\n<li><b><i>Galeria do Clube Portugu\u00eas<\/i><\/b><i>\u00a0<\/i><i>-Niter\u00f3i (RJ) \u2013 Dezembro &#8211; 1997(coletiva)<\/i><\/li>\n<li><b><i>Espa\u00e7o Cultural Arthur &amp; Hubert<\/i><\/b><i>\u00a0<\/i><i>&#8211; Niter\u00f3i (RJ) \u2013 Setembro \u2013 1998 (coletiva)<\/i><\/li>\n<li><b><i>Master Casa<\/i><\/b><i>\u00a0<\/i><i>&#8211;\u00a0 Petr\u00f3polis\u00a0 (RJ)\u00a0 junho \/ julho\u00a0 \u20131998 (Coletiva)\u00a0 Junho \/julho\u00a0 \u2013 1999<\/i><\/li>\n<li><b><i>X Sal\u00e3o Niteroiense de Artes<\/i><\/b><i>\u00a0<\/i><i>&#8211; Fortaleza Santa Cruz\u00a0Niter\u00f3i (RJ) &#8211; 1999<\/i><\/li>\n<li><b><i>Sal\u00e3o de Artes Pl\u00e1sticas de Caraguatatuba<\/i><\/b><i>\u00a0<\/i><i>-Caraguatatuba(SP)\u00a0 \u2013 Dezembro \u2013 1999<\/i><\/li>\n<li><b><i>Casa das Artes de S\u00e3o Gon\u00e7alo\u00a0<\/i><\/b><i>\u00a0<\/i><i>&#8211;\u00a0 S\u00e3o Gon\u00e7alo (RJ) \u2013 Outubro &#8211; 1999<\/i><\/li>\n<li><b><i>Master Casa\u00a0 &#8211;\u00a0 Petr\u00f3polis\u00a0 (RJ)<\/i><\/b><i>\u00a0 junho \/ julho \u20131998\u00a0 (Coletiva)\u00a0 Junho \/ julho\u00a0 \u20131999<\/i><\/li>\n<li><b><i>Mat\u00e9ria in Forma<\/i><\/b><i>\u00a0<\/i><i>-Galeria da Casual D\u00e9cor Niter\u00f3i (RJ)\u2013 Dezembro\/Janeiro 1998\/1999<\/i><\/li>\n<li><b><i>Cores, Tons &amp; Texturas<\/i><\/b><i>\u00a0<\/i><i>\u2013Galeria da Casual D\u00e9cor Niter\u00f3i (RJ) \u2013 Dezem.\/Jan.1999\/2000<\/i><\/li>\n<li><b><i>Todos os Brancos &amp; o Alum\u00ednio\u00a0 &#8211;\u00a0<\/i><\/b><i>CASA DE CULTURA LAURA ALVIM \/ FUNARJ Arcadas Stella\u00a0 Marinho &#8211;\u00a0 Ipanema (RJ)- Marco \u2013 2000<\/i><\/li>\n<li><b><i>Do objeto ao toque &#8211;\u00a0<\/i><\/b><i>CAIXA ECON\u00d4MICA FEDERAL &#8211; Secret\u00e1ria Municipal de Cultura Niter\u00f3i (RJ) \u2013 Maio \u2013 2000<\/i><\/li>\n<li><b><i>I n u s i t a d o &#8211;<\/i><\/b><i>Galeria do Centro de Artes e Estudos da BOOKMAKERS G\u00e1vea(RJ)\u00a0&#8211; Julho \u2013 2002<\/i><\/li>\n<li><b><i>TEZ &#8211;\u00a0<\/i><\/b><i>Galeria da Casual D\u00e9cor Novembro\/dezembro 2000<\/i><\/li>\n<li><b>Percurso do olhar<\/b>\u00a0\u2013 Museu de Arte Contempor\u00e2nea de Niter\u00f3i &#8211;\u00a0 MAC\u00a0 &#8211; Pierre Crapez curador &#8211; escolheu um trabalho meu para participar da exposi\u00e7\u00e3o coletiva no MAC \u2013 dos representantes da arte em Niter\u00f3i &#8211; 2002<\/li>\n<li><b><i>Sal\u00e3o Special<\/i><\/b>\u00a0\u2013 Galeria Gourmet\u00a0 &#8211; Shopping Downtown\u00a0 &#8211; fevereiro \/2003<\/li>\n<li><b><i>E.t.n.i.a.s\u00a0 &#8211;<\/i><\/b><b>\u00a0<\/b>\u00a0na galeria da Universidade Universo de Niter\u00f3i &#8211; em agosto de 2003<\/li>\n<li><b>CONVERSAS PARALELAS<\/b>\u00a0\u2013 CENTRO CULTURAL PASCHOAL CARLOS MAGNO \u2013 NITER\u00d3I (RJ)\u2013 FEVEREIRO DE 2004<\/li>\n<li><b>fortezza da basso\u00a0<\/b>\u2013 floren\u00e7a \u2013 projeto souvenir \u2013 representante de niter\u00f3i<\/li>\n<li><b>rio + design em mil\u00e3o \u2013\u00a0<\/b>pe\u00e7a escolhida pelo sebrae para participar do sal\u00e3o do m\u00f3vel \u2013 abril 2010 \u2013 designers como \u2013 guto indio da costa, s\u00e9rgio rodrigues e outros&#8230;<\/li>\n<li><b>Todas as cores<\/b>\u00a0&#8211; CASA DE CULTURA LAURA ALVIM \/ FUNARJ Arcadas Stella Marinho Ipanema (RJ)- abril\u2013 2002<\/li>\n<\/ul>\n<p><span style=\"text-decoration: underline; color: #008080;\"><b>Trabalhos Expostos em Lojas<\/b><\/span><\/p>\n<ul>\n<li><b>Cor e Textura<\/b>\u00a0&#8211; Shopping da G\u00e1vea \u2013 RJ\u00a0 \/<\/li>\n<li><b>Mix Insight<\/b>\u00a0&#8211; Casa Shopping &#8211; (RJ)<\/li>\n<li><b><i>Cantos \u2013<\/i><\/b><i>S\u00e3o Francisco RJ<\/i><\/li>\n<li>Celina\u00a0&#8211; Casa Shopping &#8211; (RJ)\u00a0 \/\u00a0Tribuss\u00a0&#8211; Rio Design Center &#8211; (RJ)\u00a0Casual Dec\u00f3r\u00a0&#8211;\u00a0 Niter\u00f3i (RJ)<\/li>\n<li><i>Lana&#8217;s Design<\/i>\u00a0&#8211;\u00a0<i>Niter\u00f3i (RJ)\u00a0\/\u00a0\u00a0F\u00e1tima Moraes Interiores<\/i>\u00a0&#8211;\u00a0<i>Niter\u00f3i\u00a0(RJ)<\/i><\/li>\n<li>Mercatto Del&#8217; Arte\u00a0&#8211;\u00a0 Bay Side Barra &#8211; (RJ)\u00a0 \/\u00a0\u00a0Formatto\u00a0&#8211;\u00a0 Barra Square &#8211; (RJ)<\/li>\n<li>Cipoart\u00a0B\u00fazios (RJ) e\u00a0 Porto Seguro (BA)\u00a0 \/\u00a0La Belle\u00a0\u2013 Niter\u00f3i (RJ) \/\u00a0Mix Design\u00a0&#8211; Niter\u00f3i (RJ)<\/li>\n<li>Emp\u00f3rio Casa\u00a0&#8211; Niter\u00f3i (RJ)\u00a0\/\u00a0\u00a0Ana&#8217;S Art Gallery\u00a0&#8211; Miami (USA) \/\u00a0CasaStudio\u00a0\u2013 Niter\u00f3i (RJ)<\/li>\n<li>Effe\u00a0&#8211; Niter\u00f3i (RJ) \/\u00a0Exelccior Decora\u00e7\u00f5es\u00a0\u2013 Niter\u00f3i<\/li>\n<\/ul>\n<p><span style=\"text-decoration: underline; color: #008080;\"><b>Humaniza\u00e7\u00e3o\u00a0e\u00a0Decora\u00e7\u00e3o\u00a0em Lojas<\/b><\/span><\/p>\n<ul>\n<li><b>FERNANDA DESIGN<\/b>\u00a0\u2013 NITER\u00d3I\/BARRA\/WASHINGTON LUIZ rj<\/li>\n<li><b>DELLANNO \u2013<i>\u00a0<\/i><\/b><i>ICARA\u00cd \/ itaipu rj<\/i><\/li>\n<li><b>Romanzza<i>\u00a0\u00a0<\/i><\/b><i>&#8211; CENTRO E ITAIPU rj<\/i><\/li>\n<li><b>Kadoshi\u00a0<\/b><i>\u2013 itaipu rj<\/i><\/li>\n<li><b>Rapa Nui\u00a0<\/b><i>pendotiba niter\u00f3i rj<\/i><\/li>\n<li><b>Favorita-\u00a0<\/b>centro e itaipu<\/li>\n<li><b>Ital\u00ednea Recreio<\/b><\/li>\n<li><b>Gramito<\/b><\/li>\n<li><b>Stilo Casa \u2013\u00a0<\/b>niter\u00f3i e washington luiz<\/li>\n<\/ul>\n<p><span style=\"text-decoration: underline; color: #008080;\"><b>Participa\u00e7\u00f5es<\/b><\/span><\/p>\n<ul>\n<li><b>Cen\u00e1rios da Novela Malha\u00e7\u00e3o\u00a0 &#8211;\u00a0<\/b>Rede Globo de Televis\u00e3o &#8211; 1998\/ 1999\/ 2000<\/li>\n<li><b>Composi\u00e7\u00e3o de Ambientes\u00a0<\/b>Revista Casa Cl\u00e1udia &#8211; 1996 \/ 1998 \/ 1999 \/2000<\/li>\n<li><b>Jurada do Sal\u00e3o Gon\u00e7alense de Artes Pl\u00e1sticas de Outono\u00a0\u00a0<\/b>S\u00e3o Gon\u00e7alo<i>\u00a0\u2013 1999<\/i><\/li>\n<li><b>M\u00e1ster Casa<i>\u00a0 &#8211;\u00a0<\/i>B\u00fazios \u2013 2000\/2001<i>\u00a0\u2013\u00a0<\/i><\/b>Com o espa\u00e7o\u00a0 &#8211; \u201cAtelier da Artista\u201d<\/li>\n<li><b>M\u00e1ster Casa Petr\u00f3polis \u2013 1999 \/ 2000 \/ 20001<\/b><\/li>\n<li><b>Casa Design \u2013 Niter\u00f3i \u2013 2003 \/ 2004\u00a0 \/ 2005\u00a0 \/\u00a0 2006\u00a0 \/\u00a0 2007<\/b><\/li>\n<li><b>Master Casa \u2013 Niter\u00f3i \u2013 2003 \/ 2004<\/b><\/li>\n<li><b>Mix Gourmet \u2013 mar\u00e7o de 2004 \u2013\u00a0<\/b>Cais do Porto<\/li>\n<li><b>Capa da Agenda Cultural de Niter\u00f3i \u2013<\/b>\u00a0julho de 2004<\/li>\n<li><b>Participa\u00e7\u00e3o do Livro e do Site da Exposi\u00e7\u00e3o &#8211; Percurso do olhar<\/b>\u00a0\u2013 Museu de Arte Contempor\u00e2nea de Niter\u00f3i &#8211;\u00a0 MAC<\/li>\n<li><b>Site da Niter\u00f3i Artes\u00a0<\/b>\u2013\u00a0<a href=\"http:\/\/www.niteroiartes.com.br\/\">www.niteroiartes.com.br<\/a><\/li>\n<li><b>4\u00b0 lugar no cadn \u2013 clube dos arquitetos e designers de niter\u00f3i \u2013 2010<\/b><\/li>\n<li><b>8\u00b0 lugar cadn &#8211; 2011<\/b><\/li>\n<li><b>Sal\u00e3o do m\u00e1vel de mil\u00e3o- participa\u00e7\u00e3o com uma pe\u00e7a levada pelo sebrae brasil \u2013 souvenir de niter\u00f3i<\/b><\/li>\n<\/ul>\n<p><span style=\"text-decoration: underline; color: #008080;\"><b>Projetos Corporativos<\/b><\/span><\/p>\n<ul>\n<li><b>Loja Fernanda Design &#8211; Niter\u00f3i<\/b><\/li>\n<li><b>Loja Stilo Casa \u2013 Washington Luiz, Rio Decor Niter\u00f3i, Rio Decor Washington Luiz<\/b><\/li>\n<li><b>Loja Fatalle<\/b><\/li>\n<li><b>Loja Ideale<\/b><\/li>\n<li><b>Loja Nova Sala<\/b><\/li>\n<li><b>Revitaliza\u00e7\u00e3o \u2013 Rio Decor Niter\u00f3i<\/b><\/li>\n<li><b>Rapanui<\/b><\/li>\n<\/ul>","protected":false},"excerpt":{"rendered":"<p>Exposi\u00e7\u00f5es Galeria do SESI-Niter\u00f3i (RJ) \u2013\u00a0 Abril \u20131997 Clube Central\u00a0-Niter\u00f3i (RJ) \u2013\u00a0 Julho \u20131997 (coletiva) Galeria do Clube Portugu\u00eas\u00a0-Niter\u00f3i (RJ) \u2013 Dezembro &#8211; 1997(coletiva) Espa\u00e7o Cultural Arthur &amp; Hubert\u00a0&#8211; Niter\u00f3i (RJ) \u2013 Setembro \u2013 1998 (coletiva) Master Casa\u00a0&#8211;\u00a0 Petr\u00f3polis\u00a0 (RJ)\u00a0 junho \/ julho\u00a0 \u20131998 (Coletiva)\u00a0 Junho \/julho\u00a0 \u2013 1999 X Sal\u00e3o Niteroiense de Artes\u00a0&#8211; Fortaleza [&hellip;]<\/p>\n","protected":false},"author":1,"featured_media":0,"parent":0,"menu_order":0,"comment_status":"open","ping_status":"open","template":"","meta":[],"_links":{"self":[{"href":"https:\/\/lucianakanbach.com.br\/index.php?rest_route=\/wp\/v2\/pages\/939"}],"collection":[{"href":"https:\/\/lucianakanbach.com.br\/index.php?rest_route=\/wp\/v2\/pages"}],"about":[{"href":"https:\/\/lucianakanbach.com.br\/index.php?rest_route=\/wp\/v2\/types\/page"}],"author":[{"embeddable":true,"href":"https:\/\/lucianakanbach.com.br\/index.php?rest_route=\/wp\/v2\/users\/1"}],"replies":[{"embeddable":true,"href":"https:\/\/lucianakanbach.com.br\/index.php?rest_route=%2Fwp%2Fv2%2Fcomments&post=939"}],"version-history":[{"count":8,"href":"https:\/\/lucianakanbach.com.br\/index.php?rest_route=\/wp\/v2\/pages\/939\/revisions"}],"predecessor-version":[{"id":1945,"href":"https:\/\/lucianakanbach.com.br\/index.php?rest_route=\/wp\/v2\/pages\/939\/revisions\/1945"}],"wp:attachment":[{"href":"https:\/\/lucianakanbach.com.br\/index.php?rest_route=%2Fwp%2Fv2%2Fmedia&parent=939"}],"curies":[{"name":"wp","href":"https:\/\/api.w.org\/{rel}","templated":true}]}}