{"id":1649,"date":"2013-12-11T17:41:00","date_gmt":"2013-12-11T17:41:00","guid":{"rendered":"http:\/\/projetoopus.com.br\/luciana\/?page_id=1649"},"modified":"2014-01-20T20:44:49","modified_gmt":"2014-01-20T20:44:49","slug":"historico","status":"publish","type":"page","link":"https:\/\/lucianakanbach.com.br\/?page_id=1649","title":{"rendered":"Hist\u00f3rico"},"content":{"rendered":"<p style=\"text-align: justify;\"><img decoding=\"async\" loading=\"lazy\" class=\"alignnone size-full wp-image-1680 alignleft\" alt=\"foto 1\" src=\"http:\/\/lucianakanbach.com.br\/wp-content\/uploads\/foto-1.jpg\" width=\"224\" height=\"304\" srcset=\"https:\/\/lucianakanbach.com.br\/wp-content\/uploads\/foto-1.jpg 224w, https:\/\/lucianakanbach.com.br\/wp-content\/uploads\/foto-1-221x300.jpg 221w\" sizes=\"(max-width: 224px) 100vw, 224px\" \/>Luciana Kanbach se caracteriza como uma profissional que n\u00e3o se prende a um determinado estilo, e, por isso mesmo, tem feito sua marca ao longo destes vinte e cinco anos de forma ecl\u00e9tica, com diversidades \u00e9tnicas, e misturas de tend\u00eancias.<\/p>\n<p style=\"text-align: justify;\">\u201cGosto muito de aprender, de fazer o que nunca fiz do meu jeito! N\u00e3o sou formada em nenhuma \u00e1rea na qual eu atuo! E mesmo assim: eu aprendi a projetar todos as tipos de ambientes(corporativo ou residencial); eu pinto sobre tela, cer\u00e2mica, bambu, &#8230; eu gosto de criar arranjos naturais e permanentes; adoro montar cen\u00e1rios: de natal, tem\u00e1tico; e tenho um grande prazer em dar aulas! Tenho a impress\u00e3o que isso acontece\u00a0 com uma certa facilidade porque todas essas \u00e1reas s\u00e3o afins. \u00c9 s\u00f3 um treino de olhar para perceber que todas as cores e todas as formas est\u00e3o a\u00ed, prontas! \u00c9 s\u00f3 junt\u00e1-las. E \u00e9 sempre bom pesquisar as tend\u00eancias, ler sobre o que se est\u00e1 pretendendo fazer, testar diferentes materiais&#8230; ou seja, procurar sempre ser aprendiz, sem medo!\u201d diz Luciana.<\/p>\n<p>&nbsp;<\/p>\n<p><strong>&#8211; \u00a0Design de Interiores<\/strong><\/p>\n<p style=\"text-align: justify;\">Corporativos<\/p>\n<p style=\"text-align: justify;\">Trabalhar com corporativos \u00e9 sempre um desafio, porque n\u00e3o \u00e9 a composi\u00e7\u00e3o de um espa\u00e7o estanque que vc desenha e este permanecer\u00e1 \u00a0da mesma maneira. Numa loja de mobili\u00e1rios, por exemplo, vc tem que projetar um ambiente que a estrutura seja feita de tal forma que futuramente se o cliente quiser poder\u00e1 transform\u00e1-lo. Um ambiente de estar num jantar \u2013 por exemplo. Esses desafios s\u00e3o realmente incr\u00edveis.<\/p>\n<p style=\"text-align: justify;\">Residenciais<\/p>\n<p style=\"text-align: justify;\">Quando eu vou conhecer uma \u00e1rea a ser projetada, tento apreender primeiramente tudo o que o cliente deseja daquele espa\u00e7o. Ent\u00e3o, eu procuro desenhar aquilo que ele quer e surpreend\u00ea-lo de alguma forma. Ou com um teto diferente; ou com revestimentos usados em superf\u00edcies n\u00e3o comuns; ou criar um elemento decorativo dentro das minhas artes pl\u00e1sticas&#8230;.Unir meu lado de decoradora de interiores com as artes \u00e9 sempre muito prazeroso.<\/p>\n<p style=\"text-align: justify;\"><strong>&#8211; Artes e Design<\/strong><\/p>\n<p style=\"text-align: justify;\">&#8230;atrav\u00e9s de leituras e intensas experimenta\u00e7\u00f5es, procuro desenvolver e aprimorar cores e formas, elementos fundamentais para um trabalho diferenciado sobre o acr\u00edlico, a cer\u00e2mica, a madeira, o bambu, tela , ferro, tecido\u2026 Sobre tais mat\u00e9rias-primas, me utilizo de todo o tipo de texturas e tintas. Al\u00e9m do carv\u00e3o, pastel, crayon, ou simplesmente bricolando papel, tudo o que \u00e9 mat\u00e9ria faz parte do que produzo.<\/p>\n<p style=\"text-align: justify;\"><strong>&#8211; Humaniza\u00e7\u00f5es<\/strong><\/p>\n<p style=\"text-align: justify;\">&#8230;s\u00e3o convites de propriet\u00e1rio de lojas para que eu fa\u00e7a a decora\u00e7\u00e3o de espa\u00e7o corporativo com a estrutura \u2013 ilumina\u00e7\u00e3o, piso, mobili\u00e1rio, adesivos&#8230; j\u00e1 finalizados! Ent\u00e3o eu entro para adornar esse ambiente \u2013\u00a0 pap\u00e9is de parede, objetos, lumin\u00e1rias, tapetes, arranjos&#8230; Tudo que se fizer necess\u00e1rio para que o ambiente se torne adequado ao tema ou proposta do cliente.<\/p>","protected":false},"excerpt":{"rendered":"<p>Luciana Kanbach se caracteriza como uma profissional que n\u00e3o se prende a um determinado estilo, e, por isso mesmo, tem feito sua marca ao longo destes vinte e cinco anos de forma ecl\u00e9tica, com diversidades \u00e9tnicas, e misturas de tend\u00eancias. \u201cGosto muito de aprender, de fazer o que nunca fiz do meu jeito! N\u00e3o sou [&hellip;]<\/p>\n","protected":false},"author":1,"featured_media":0,"parent":0,"menu_order":0,"comment_status":"open","ping_status":"open","template":"","meta":[],"_links":{"self":[{"href":"https:\/\/lucianakanbach.com.br\/index.php?rest_route=\/wp\/v2\/pages\/1649"}],"collection":[{"href":"https:\/\/lucianakanbach.com.br\/index.php?rest_route=\/wp\/v2\/pages"}],"about":[{"href":"https:\/\/lucianakanbach.com.br\/index.php?rest_route=\/wp\/v2\/types\/page"}],"author":[{"embeddable":true,"href":"https:\/\/lucianakanbach.com.br\/index.php?rest_route=\/wp\/v2\/users\/1"}],"replies":[{"embeddable":true,"href":"https:\/\/lucianakanbach.com.br\/index.php?rest_route=%2Fwp%2Fv2%2Fcomments&post=1649"}],"version-history":[{"count":6,"href":"https:\/\/lucianakanbach.com.br\/index.php?rest_route=\/wp\/v2\/pages\/1649\/revisions"}],"predecessor-version":[{"id":1739,"href":"https:\/\/lucianakanbach.com.br\/index.php?rest_route=\/wp\/v2\/pages\/1649\/revisions\/1739"}],"wp:attachment":[{"href":"https:\/\/lucianakanbach.com.br\/index.php?rest_route=%2Fwp%2Fv2%2Fmedia&parent=1649"}],"curies":[{"name":"wp","href":"https:\/\/api.w.org\/{rel}","templated":true}]}}

Histórico

<p style="text-align: justify;"><img decoding="async" loading="lazy" class="alignnone size-full wp-image-1680 alignleft" alt="foto 1" src="http://lucianakanbach.com.br/wp-content/uploads/foto-1.jpg" width="224" height="304" srcset="https://lucianakanbach.com.br/wp-content/uploads/foto-1.jpg 224w, https://lucianakanbach.com.br/wp-content/uploads/foto-1-221x300.jpg 221w" sizes="(max-width: 224px) 100vw, 224px" />Luciana Kanbach se caracteriza como uma profissional que não se prende a um determinado estilo, e, por isso mesmo, tem feito sua marca ao longo destes vinte e cinco anos de forma eclética, com diversidades étnicas, e misturas de tendências.</p>
<p style="text-align: justify;">“Gosto muito de aprender, de fazer o que nunca fiz do meu jeito! Não sou formada em nenhuma área na qual eu atuo! E mesmo assim: eu aprendi a projetar todos as tipos de ambientes(corporativo ou residencial); eu pinto sobre tela, cerâmica, bambu, &#8230; eu gosto de criar arranjos naturais e permanentes; adoro montar cenários: de natal, temático; e tenho um grande prazer em dar aulas! Tenho a impressão que isso acontece  com uma certa facilidade porque todas essas áreas são afins. É só um treino de olhar para perceber que todas as cores e todas as formas estão aí, prontas! É só juntá-las. E é sempre bom pesquisar as tendências, ler sobre o que se está pretendendo fazer, testar diferentes materiais&#8230; ou seja, procurar sempre ser aprendiz, sem medo!” diz Luciana.</p>
<p>&nbsp;</p>
<p><strong>&#8211;  Design de Interiores</strong></p>
<p style="text-align: justify;">Corporativos</p>
<p style="text-align: justify;">Trabalhar com corporativos é sempre um desafio, porque não é a composição de um espaço estanque que vc desenha e este permanecerá  da mesma maneira. Numa loja de mobiliários, por exemplo, vc tem que projetar um ambiente que a estrutura seja feita de tal forma que futuramente se o cliente quiser poderá transformá-lo. Um ambiente de estar num jantar – por exemplo. Esses desafios são realmente incríveis.</p>
<p style="text-align: justify;">Residenciais</p>
<p style="text-align: justify;">Quando eu vou conhecer uma área a ser projetada, tento apreender primeiramente tudo o que o cliente deseja daquele espaço. Então, eu procuro desenhar aquilo que ele quer e surpreendê-lo de alguma forma. Ou com um teto diferente; ou com revestimentos usados em superfícies não comuns; ou criar um elemento decorativo dentro das minhas artes plásticas&#8230;.Unir meu lado de decoradora de interiores com as artes é sempre muito prazeroso.</p>
<p style="text-align: justify;"><strong>&#8211; Artes e Design</strong></p>
<p style="text-align: justify;">&#8230;através de leituras e intensas experimentações, procuro desenvolver e aprimorar cores e formas, elementos fundamentais para um trabalho diferenciado sobre o acrílico, a cerâmica, a madeira, o bambu, tela , ferro, tecido… Sobre tais matérias-primas, me utilizo de todo o tipo de texturas e tintas. Além do carvão, pastel, crayon, ou simplesmente bricolando papel, tudo o que é matéria faz parte do que produzo.</p>
<p style="text-align: justify;"><strong>&#8211; Humanizações</strong></p>
<p style="text-align: justify;">&#8230;são convites de proprietário de lojas para que eu faça a decoração de espaço corporativo com a estrutura – iluminação, piso, mobiliário, adesivos&#8230; já finalizados! Então eu entro para adornar esse ambiente –  papéis de parede, objetos, luminárias, tapetes, arranjos&#8230; Tudo que se fizer necessário para que o ambiente se torne adequado ao tema ou proposta do cliente.</p>

<p>Luciana Kanbach se caracteriza como uma profissional que não se prende a um determinado estilo, e, por isso mesmo, tem feito sua marca ao longo destes vinte e cinco anos de forma eclética, com diversidades étnicas, e misturas de tendências. “Gosto muito de aprender, de fazer o que nunca fiz do meu jeito! Não sou [&hellip;]</p>
